{"id":5809,"date":"2023-12-12T11:45:57","date_gmt":"2023-12-12T17:45:57","guid":{"rendered":"https:\/\/noblehouse.com.mx\/ntc\/?post_type=product&#038;p=5809"},"modified":"2026-03-05T16:45:47","modified_gmt":"2026-03-05T22:45:47","slug":"navaja-deejo-dentada-camuflaje-diseno-vikingo-37g","status":"publish","type":"product","link":"https:\/\/noblehouse.com.mx\/ntc\/producto\/navaja-deejo-dentada-camuflaje-diseno-vikingo-37g\/","title":{"rendered":"NAVAJA DEEJO DENTADA CAMUFLAJE DISE\u00d1O VIKINGO 37g"},"content":{"rendered":"<p>\u201cUna navaja en memoria de la era vikinga. Esta peculiar Deejo \u201cVegvisir\u201d, que representa el s\u00edmbolo de una br\u00fajula r\u00fanica, se engalana con una hermosa plaqueta con motivo camuflaje y una poderosa hoja parcialmente microdentada. Y adem\u00e1s, se abre con una sola mano. \u00bfPreparado para la aventura?\u201d<br \/>\nNavaja ultraligera de acero inoxidable Z40C13, acabado mate. Hoja una mano microdentada con seguro tipo \u201cliner lock\u201d. Clip para cintur\u00f3n. Mango de aluminio impreso.<\/p>\n<p><strong>CARACTER\u00cdSTICAS<\/strong><\/p>\n<p>Material : Z40C13<br \/>\nPeso : 37 gramos<br \/>\nLongitud cerrada : 11 cm<br \/>\nLongitud abierta : 20,5 cm<br \/>\nLongitud de la hoja : 9,5 cm<br \/>\nGrosor : 0,9 cm<\/p>\n<p><strong>DETALLES<\/strong><\/p>\n<p>Esta navaja Deejo est\u00e1 adornada con una plaqueta de madera de coral maciza. La utilizaci\u00f3n en cuchiller\u00eda de este tipo de madera se remonta a mucho tiempo atr\u00e1s por los hermosos reflejos rojizos o ambarinos que le han dado su nombre, su solidez y su excelente resistencia a la humedad. Aqu\u00ed el material realza a la perfecci\u00f3n la elegancia de este dise\u00f1o Deejo.<\/p>\n<p>El acabado, obtenido por la fijaci\u00f3n de titanio gris sobre una base de acero inoxidable, presenta una doble ventaja. En primer lugar, refuerza la resistencia de la superficie frente a los golpes y los ara\u00f1azos, pero tambi\u00e9n sublima las elegantes l\u00edneas de la navaja aport\u00e1ndole una sobriedad asombrosa. Este discreto y sublime acabado hace que el acero vaya cobrando una ligera p\u00e1tina con el paso de los a\u00f1os, lo que acent\u00faa la belleza de esta pieza de cuchiller\u00eda.<\/p>\n<p><strong>SOBRE EL PRODUCTO<\/strong><\/p>\n<p>En Deejo, estamos convencidos de que la mejor navaja del mundo es la que se utiliza todos los d\u00edas. Y para ello hemos concebido navajas extremadamente ligeras sin comprometer el tama\u00f1o ni la calidad de las materias a fin de que puedas disfrutar de lo esencial: un art\u00edculo que procure un corte perfecto.<\/p>\n<p>Tu navaja Deejo se distingue por su peso: tan solo 37 g.<\/p>\n<p>Pero esto no es todo: es f\u00e1cil de llevar y utilizar. Deejo da un paso m\u00e1s y ofrece la posibilidad de grabar la pieza: como un tatuaje en la piel, grabar una navaja es brindar a este objeto tan personal una dimensi\u00f3n completamente distinta y una identidad propia.<\/p>\n<p>Deejo es la historia de un objeto que nada tiene de accesorio, es una pieza que lleva sobre su hoja el alma de su propietario.<\/p>\n<p><strong>INSTRUCCIONES DE CUIDADO<\/strong><\/p>\n<p>Ideal para cortar carne, pelar fruta o abrir un paquete, la navaja Deejo se puede utilizar en cualquier lugar y ocasi\u00f3n y aporta siempre un toque de elegancia.<\/p>\n<p>Como cualquier cuchillo, el filo de la hoja de la navaja Deejo se va desgastando con el uso. Para conservar la hoja en perfecto estado, es recomendable afilarla con regularidad. Para elaborar nuestras navajas, utilizamos un acero inoxidable de tipo Z40C13. Este es suficientemente duro para conservar un corte perfecto de manera duradera, pero suficientemente d\u00factil para poder afilarla f\u00e1cilmente. Como cualquier cuchillo convencional, tu navaja Deejo se afila mediante una piedra o un afilador. Cuando afiles la hoja, procura sencillamente no estropear la superficie.<\/p>\n<p><strong>PRECAUCIONES ESPECIALES PARA EL LAVADO:<\/strong> la navaja Deejo se debe lavar a mano con la esponja del estropajo. No la laves en el lavavajillas, ya que esto podr\u00eda estropear el sistema de articulaci\u00f3n de manera irremediable.<\/p>\n","protected":false},"excerpt":{"rendered":"<p>\u201cUna navaja en memoria de la era vikinga. Esta peculiar Deejo \u201cVegvisir\u201d, que representa el s\u00edmbolo de una br\u00fajula r\u00fanica, se engalana con una hermosa plaqueta con motivo camuflaje y una poderosa hoja parcialmente microdentada. Y adem\u00e1s, se abre con una sola mano. \u00bfPreparado para la aventura?\u201d Navaja ultraligera de acero inoxidable Z40C13, acabado mate. [&#8230;]\n","protected":false},"featured_media":5810,"comment_status":"closed","ping_status":"closed","template":"","meta":[],"product_brand":[],"product_cat":[125],"product_tag":[],"class_list":{"0":"post-5809","1":"product","2":"type-product","3":"status-publish","4":"has-post-thumbnail","6":"product_cat-navajas-deejo","8":"first","9":"instock","10":"taxable","11":"shipping-taxable","12":"purchasable","13":"product-type-simple"},"_links":{"self":[{"href":"https:\/\/noblehouse.com.mx\/ntc\/wp-json\/wp\/v2\/product\/5809","targetHints":{"allow":["GET"]}}],"collection":[{"href":"https:\/\/noblehouse.com.mx\/ntc\/wp-json\/wp\/v2\/product"}],"about":[{"href":"https:\/\/noblehouse.com.mx\/ntc\/wp-json\/wp\/v2\/types\/product"}],"replies":[{"embeddable":true,"href":"https:\/\/noblehouse.com.mx\/ntc\/wp-json\/wp\/v2\/comments?post=5809"}],"wp:featuredmedia":[{"embeddable":true,"href":"https:\/\/noblehouse.com.mx\/ntc\/wp-json\/wp\/v2\/media\/5810"}],"wp:attachment":[{"href":"https:\/\/noblehouse.com.mx\/ntc\/wp-json\/wp\/v2\/media?parent=5809"}],"wp:term":[{"taxonomy":"product_brand","embeddable":true,"href":"https:\/\/noblehouse.com.mx\/ntc\/wp-json\/wp\/v2\/product_brand?post=5809"},{"taxonomy":"product_cat","embeddable":true,"href":"https:\/\/noblehouse.com.mx\/ntc\/wp-json\/wp\/v2\/product_cat?post=5809"},{"taxonomy":"product_tag","embeddable":true,"href":"https:\/\/noblehouse.com.mx\/ntc\/wp-json\/wp\/v2\/product_tag?post=5809"}],"curies":[{"name":"wp","href":"https:\/\/api.w.org\/{rel}","templated":true}]}}