{"id":5596,"date":"2023-11-28T18:07:44","date_gmt":"2023-11-29T00:07:44","guid":{"rendered":"https:\/\/noblehouse.com.mx\/ntc\/?post_type=product&#038;p=5596"},"modified":"2026-03-05T16:45:45","modified_gmt":"2026-03-05T22:45:45","slug":"humidor-travel-park-lane-for-3c-in-burgundy-glos","status":"publish","type":"product","link":"https:\/\/noblehouse.com.mx\/ntc\/producto\/humidor-travel-park-lane-for-3c-in-burgundy-glos\/","title":{"rendered":"HUMIDOR TRAVEL PARK LANE FOR 3C IN BURGUNDY GLOS"},"content":{"rendered":"<p>Humidor travel marca Park Lane color caoba inglesa con almacenamiento para 3 puros cuenta con sistema de humidificaci\u00f3n e higr\u00f3metro. Dise\u00f1o acabado brillante. Cortes rectos.<\/p>\n","protected":false},"excerpt":{"rendered":"<p>Humidor travel marca Park Lane color caoba inglesa con almacenamiento para 3 puros cuenta con sistema de humidificaci\u00f3n e higr\u00f3metro. Dise\u00f1o acabado brillante. Cortes rectos.<\/p>\n","protected":false},"featured_media":5597,"comment_status":"closed","ping_status":"closed","template":"","meta":[],"product_brand":[],"product_cat":[100],"product_tag":[],"class_list":{"0":"post-5596","1":"product","2":"type-product","3":"status-publish","4":"has-post-thumbnail","6":"product_cat-humidores","8":"first","9":"outofstock","10":"taxable","11":"shipping-taxable","12":"purchasable","13":"product-type-simple"},"_links":{"self":[{"href":"https:\/\/noblehouse.com.mx\/ntc\/wp-json\/wp\/v2\/product\/5596","targetHints":{"allow":["GET"]}}],"collection":[{"href":"https:\/\/noblehouse.com.mx\/ntc\/wp-json\/wp\/v2\/product"}],"about":[{"href":"https:\/\/noblehouse.com.mx\/ntc\/wp-json\/wp\/v2\/types\/product"}],"replies":[{"embeddable":true,"href":"https:\/\/noblehouse.com.mx\/ntc\/wp-json\/wp\/v2\/comments?post=5596"}],"wp:featuredmedia":[{"embeddable":true,"href":"https:\/\/noblehouse.com.mx\/ntc\/wp-json\/wp\/v2\/media\/5597"}],"wp:attachment":[{"href":"https:\/\/noblehouse.com.mx\/ntc\/wp-json\/wp\/v2\/media?parent=5596"}],"wp:term":[{"taxonomy":"product_brand","embeddable":true,"href":"https:\/\/noblehouse.com.mx\/ntc\/wp-json\/wp\/v2\/product_brand?post=5596"},{"taxonomy":"product_cat","embeddable":true,"href":"https:\/\/noblehouse.com.mx\/ntc\/wp-json\/wp\/v2\/product_cat?post=5596"},{"taxonomy":"product_tag","embeddable":true,"href":"https:\/\/noblehouse.com.mx\/ntc\/wp-json\/wp\/v2\/product_tag?post=5596"}],"curies":[{"name":"wp","href":"https:\/\/api.w.org\/{rel}","templated":true}]}}