{"id":5553,"date":"2023-11-28T17:27:36","date_gmt":"2023-11-28T23:27:36","guid":{"rendered":"https:\/\/noblehouse.com.mx\/ntc\/?post_type=product&#038;p=5553"},"modified":"2026-03-05T16:45:44","modified_gmt":"2026-03-05T22:45:44","slug":"humidor-de-viaje-pu-con-relieve-toques-interiores-de-madera-4p-y-compartimientos-cafe-obscuro","status":"publish","type":"product","link":"https:\/\/noblehouse.com.mx\/ntc\/producto\/humidor-de-viaje-pu-con-relieve-toques-interiores-de-madera-4p-y-compartimientos-cafe-obscuro\/","title":{"rendered":"HUMIDOR DE VIAJE PU CON RELIEVE, TOQUES INTERIORES DE MADERA 4P Y COMPARTIMIENTOS , CAF\u00c9 OBSCURO"},"content":{"rendered":"<p>Humidor con pu color caf\u00e9 (de piel sint\u00e9tica). Textura estilo reptil. Interior de madera con capacidad para 4 puros toro (6&#215;50). Contiene 2 compartimentos para accesorios. Incluye sistema de humidificaci\u00f3n y dispensador de l\u00edquido.<br \/>\nPara 5 puros \/ toro<\/p>\n","protected":false},"excerpt":{"rendered":"<p>Humidor con pu color caf\u00e9 (de piel sint\u00e9tica). Textura estilo reptil. Interior de madera con capacidad para 4 puros toro (6&#215;50). Contiene 2 compartimentos para accesorios. Incluye sistema de humidificaci\u00f3n y dispensador de l\u00edquido. Para 5 puros \/ toro<\/p>\n","protected":false},"featured_media":5554,"comment_status":"closed","ping_status":"closed","template":"","meta":[],"product_brand":[],"product_cat":[100],"product_tag":[],"class_list":{"0":"post-5553","1":"product","2":"type-product","3":"status-publish","4":"has-post-thumbnail","6":"product_cat-humidores","8":"first","9":"outofstock","10":"taxable","11":"shipping-taxable","12":"purchasable","13":"product-type-simple"},"_links":{"self":[{"href":"https:\/\/noblehouse.com.mx\/ntc\/wp-json\/wp\/v2\/product\/5553","targetHints":{"allow":["GET"]}}],"collection":[{"href":"https:\/\/noblehouse.com.mx\/ntc\/wp-json\/wp\/v2\/product"}],"about":[{"href":"https:\/\/noblehouse.com.mx\/ntc\/wp-json\/wp\/v2\/types\/product"}],"replies":[{"embeddable":true,"href":"https:\/\/noblehouse.com.mx\/ntc\/wp-json\/wp\/v2\/comments?post=5553"}],"wp:featuredmedia":[{"embeddable":true,"href":"https:\/\/noblehouse.com.mx\/ntc\/wp-json\/wp\/v2\/media\/5554"}],"wp:attachment":[{"href":"https:\/\/noblehouse.com.mx\/ntc\/wp-json\/wp\/v2\/media?parent=5553"}],"wp:term":[{"taxonomy":"product_brand","embeddable":true,"href":"https:\/\/noblehouse.com.mx\/ntc\/wp-json\/wp\/v2\/product_brand?post=5553"},{"taxonomy":"product_cat","embeddable":true,"href":"https:\/\/noblehouse.com.mx\/ntc\/wp-json\/wp\/v2\/product_cat?post=5553"},{"taxonomy":"product_tag","embeddable":true,"href":"https:\/\/noblehouse.com.mx\/ntc\/wp-json\/wp\/v2\/product_tag?post=5553"}],"curies":[{"name":"wp","href":"https:\/\/api.w.org\/{rel}","templated":true}]}}