{"id":5291,"date":"2024-06-19T17:17:17","date_gmt":"2024-06-19T23:17:17","guid":{"rendered":"https:\/\/noblehouse.com.mx\/ntc\/?post_type=product&#038;p=5291"},"modified":"2026-03-19T16:30:51","modified_gmt":"2026-03-19T22:30:51","slug":"santa-clara-1830-platinum-robusto-habano-sampler-con-10-puros","status":"publish","type":"product","link":"https:\/\/noblehouse.com.mx\/ntc\/producto\/santa-clara-1830-platinum-robusto-habano-sampler-con-10-puros\/","title":{"rendered":"SANTA CLARA 1830 PLATINUM ROBUSTO HABANO SAMPLER CON 10 PUROS"},"content":{"rendered":"<p>Santa Clara Platinum es el nuevo lanzamiento que respalda los 55 a\u00f1os de trayectoria de la f\u00e1brica Santa Clara. Esta presentaci\u00f3n viene en una elegante caja de madera en acabado natural con un fino grabado l\u00e1ser. Contiene 10 piezas en tama\u00f1o robusto. Fortaleza media a fuerte. Disponible en HB y Connecticut.<\/p>\n<p>PRESENTACION: CAJA MADERA NATURAL<br \/>\nMARCA: SANTA CLARA PLATINUM<br \/>\nPRESENTACI\u00d3N: HABANO<br \/>\nTAMA\u00d1O: ROBUSTO<br \/>\nCANTIDAD : 10 PIEZAS<\/p>\n<table width=\"236\">\n<tbody>\n<tr>\n<td width=\"64\"><strong>Vitola<\/strong><\/td>\n<td width=\"172\">5 x 50<\/td>\n<\/tr>\n<tr>\n<td><strong>Tripa<\/strong><\/td>\n<td>Mezcla Platinum de tabaco San Andr\u00e9s a\u00f1ejado durante 4 a\u00f1os &amp; Viso<\/td>\n<\/tr>\n<tr>\n<td><strong>Banda<\/strong><\/td>\n<td>Criollo San Andr\u00e9s<\/td>\n<\/tr>\n<tr>\n<td><strong>Capa<\/strong><\/td>\n<td>HB San Andr\u00e9s<\/td>\n<\/tr>\n<tr>\n<td><strong>Fortaleza<\/strong><\/td>\n<td>Medio a Fuerte<\/td>\n<\/tr>\n<\/tbody>\n<\/table>\n","protected":false},"excerpt":{"rendered":"<p>Santa Clara Platinum es el nuevo lanzamiento que respalda los 55 a\u00f1os de trayectoria de la f\u00e1brica Santa Clara. Esta presentaci\u00f3n viene en una elegante caja de madera en acabado natural con un fino grabado l\u00e1ser. Contiene 10 piezas en tama\u00f1o robusto. Fortaleza media a fuerte. Disponible en HB y Connecticut. PRESENTACION: CAJA MADERA NATURAL [&#8230;]\n","protected":false},"featured_media":5307,"comment_status":"open","ping_status":"closed","template":"","meta":[],"product_brand":[],"product_cat":[120],"product_tag":[],"class_list":{"0":"post-5291","1":"product","2":"type-product","3":"status-publish","4":"has-post-thumbnail","6":"product_cat-sc-platinum","8":"first","9":"instock","10":"taxable","11":"shipping-taxable","12":"purchasable","13":"product-type-simple"},"_links":{"self":[{"href":"https:\/\/noblehouse.com.mx\/ntc\/wp-json\/wp\/v2\/product\/5291","targetHints":{"allow":["GET"]}}],"collection":[{"href":"https:\/\/noblehouse.com.mx\/ntc\/wp-json\/wp\/v2\/product"}],"about":[{"href":"https:\/\/noblehouse.com.mx\/ntc\/wp-json\/wp\/v2\/types\/product"}],"replies":[{"embeddable":true,"href":"https:\/\/noblehouse.com.mx\/ntc\/wp-json\/wp\/v2\/comments?post=5291"}],"wp:featuredmedia":[{"embeddable":true,"href":"https:\/\/noblehouse.com.mx\/ntc\/wp-json\/wp\/v2\/media\/5307"}],"wp:attachment":[{"href":"https:\/\/noblehouse.com.mx\/ntc\/wp-json\/wp\/v2\/media?parent=5291"}],"wp:term":[{"taxonomy":"product_brand","embeddable":true,"href":"https:\/\/noblehouse.com.mx\/ntc\/wp-json\/wp\/v2\/product_brand?post=5291"},{"taxonomy":"product_cat","embeddable":true,"href":"https:\/\/noblehouse.com.mx\/ntc\/wp-json\/wp\/v2\/product_cat?post=5291"},{"taxonomy":"product_tag","embeddable":true,"href":"https:\/\/noblehouse.com.mx\/ntc\/wp-json\/wp\/v2\/product_tag?post=5291"}],"curies":[{"name":"wp","href":"https:\/\/api.w.org\/{rel}","templated":true}]}}