{"id":4976,"date":"2023-08-10T18:15:14","date_gmt":"2023-08-11T00:15:14","guid":{"rendered":"https:\/\/noblehouse.com.mx\/ntc\/producto\/humidor-de-madera-color-negro-brillante-para-50-puros-con-llave-diseno-vintage-cigar\/"},"modified":"2026-03-05T16:45:42","modified_gmt":"2026-03-05T22:45:42","slug":"humidor-de-madera-color-negro-brillante-para-50-puros-con-llave-diseno-vintage-cigar","status":"publish","type":"product","link":"https:\/\/noblehouse.com.mx\/ntc\/producto\/humidor-de-madera-color-negro-brillante-para-50-puros-con-llave-diseno-vintage-cigar\/","title":{"rendered":"HUMIDOR DE MADERA COLOR NEGRO BRILLANTE PARA 50 PUROS CON LLAVE DISE\u00d1O VINTAGE CIGAR"},"content":{"rendered":"<p>Humidor marca Park Lane de madera color negro brillante , con humidificador e higr\u00f3metro y litograf\u00eda de le\u00f3n . Incluye llave y separador de madera con capacidad para 50 puros.<\/p>\n","protected":false},"excerpt":{"rendered":"<p>Humidor marca Park Lane de madera color negro brillante , con humidificador e higr\u00f3metro y litograf\u00eda de le\u00f3n . Incluye llave y separador de madera con capacidad para 50 puros.<\/p>\n","protected":false},"featured_media":4972,"comment_status":"closed","ping_status":"closed","template":"","meta":[],"product_brand":[],"product_cat":[100],"product_tag":[],"class_list":{"0":"post-4976","1":"product","2":"type-product","3":"status-publish","4":"has-post-thumbnail","6":"product_cat-humidores","8":"first","9":"instock","10":"taxable","11":"shipping-taxable","12":"purchasable","13":"product-type-simple"},"_links":{"self":[{"href":"https:\/\/noblehouse.com.mx\/ntc\/wp-json\/wp\/v2\/product\/4976","targetHints":{"allow":["GET"]}}],"collection":[{"href":"https:\/\/noblehouse.com.mx\/ntc\/wp-json\/wp\/v2\/product"}],"about":[{"href":"https:\/\/noblehouse.com.mx\/ntc\/wp-json\/wp\/v2\/types\/product"}],"replies":[{"embeddable":true,"href":"https:\/\/noblehouse.com.mx\/ntc\/wp-json\/wp\/v2\/comments?post=4976"}],"wp:featuredmedia":[{"embeddable":true,"href":"https:\/\/noblehouse.com.mx\/ntc\/wp-json\/wp\/v2\/media\/4972"}],"wp:attachment":[{"href":"https:\/\/noblehouse.com.mx\/ntc\/wp-json\/wp\/v2\/media?parent=4976"}],"wp:term":[{"taxonomy":"product_brand","embeddable":true,"href":"https:\/\/noblehouse.com.mx\/ntc\/wp-json\/wp\/v2\/product_brand?post=4976"},{"taxonomy":"product_cat","embeddable":true,"href":"https:\/\/noblehouse.com.mx\/ntc\/wp-json\/wp\/v2\/product_cat?post=4976"},{"taxonomy":"product_tag","embeddable":true,"href":"https:\/\/noblehouse.com.mx\/ntc\/wp-json\/wp\/v2\/product_tag?post=4976"}],"curies":[{"name":"wp","href":"https:\/\/api.w.org\/{rel}","templated":true}]}}